34)?
2, 3, 47
Suppose -5*d = k + 781, 4*d + 15*k - 11*k + 612 = 0. Let p = d - -650. List the prime factors of p.
17, 29
Let l(s) = -15*s - 4. Let x be l(-2). Let w be 39/52 + x/8. Suppose 232 = w*f - 2*f. What are the prime factors of f?
2, 29
Suppose -6*n + 2*n = -60. Let r = -79 + 82. List the prime factors of r + 28/12*n.
2, 19
Suppose -4*k - 972960 = -30*k - 22*k. What are the prime factors of k?
2, 5, 2027
What are the prime factors of (358641/15)/((-120)/(-400))?
2, 3, 37, 359
Suppose -24 = 4*d, -5654 = -4*m - 9*d + 4*d. What are the prime factors of m?
7, 29
Suppose 4*z + 2*i - 85 = z, 4*i = 8. Suppose 32*d = z*d + 1025. List the prime factors of d.
5, 41
Let p be 108/1 - (-6)/(-1 + -2). Let v = 259 - p. Let o = -108 + v. List the prime factors of o.
3, 5
Suppose -29 = 7*v + 13. Let h be v - -5 - (-3)/(-3) - -4. Suppose a + 524 = 4*q, -3*q + h*a + 291 = -97. List the prime factors of q.
2, 3, 11
Let s(b) be the first derivative of -5*b**2/2 - 74*b - 38. What are the prime factors of s(-18)?
2
Suppose 328*p = 284*p + 132. Suppose 2*h + 4 = h. What are the prime factors of ((-294)/h)/(p/4)?
2, 7
Let t = 18 - 16. Suppose -208 = -2*u + a, 3*u - t*a - 104 = 2*u. Let o = u - 27. What are the prime factors of o?
7, 11
Let b = 1612 - 434. Suppose -4*j + 1614 + b = 0. List the prime factors of j.
2, 349
Let t = 25019 - 20284. List the prime factors of t.
5, 947
Suppose h - 32190 = -52*z + 55*z, -32180 = -h + z. List the prime factors of h.
3, 5, 11, 13
Suppose 0 = -u + 2*z - 3, 4*u - 6*z + 5*z + 5 = 0. What are the prime factors of (u - (-52)/12)*408/10?
2, 17
Let z = -4951 - -12238. List the prime factors of z.
3, 7, 347
Let z be (-2)/1 - 40/(-32)*4. Suppose u = -z*m + 227, m + 226 = u + 3*m. List the prime factors of u.
2, 7
Let i(w) = -7*w + 2. Let v = 87 - 89. What are the prime factors of i(v)?
2
Let m(n) = -6*n - 246. Let o(h) = h + 49. Let l(t) = -3*m(t) - 16*o(t). Let q be l(25). List the prime factors of 164 - (q + (0 - 4)).
2, 41
Suppose 0 = -4*s + 4380 - 2938 + 21886. List the prime factors of s.
2, 3
Suppose 13*r = 169*r - 10372890 - 1443642. List the prime factors of r.
3, 7, 3607
Let o(r) = -125*r + 2. Let u be o(-1). Let v = u - -3. Suppose 5*a = 4*t + v, -5*a - 5*t + 111 = 26. List the prime factors of a.
2, 11
Let z(w) = 8173*w**2 - 72*w - 149. List the prime factors of z(-2).
32687
Let t(y) = y**2 - y - 73. What are the prime factors of t(96)?
83, 109
Let f be (1 + -1)/(-2 + -1). Let d(x) = 2*x**2 - 9 + 32 + 22*x + f*x**2 - 3*x**2. What are the prime factors of d(20)?
3, 7
Let m(y) = 742*y**2 - 328*y - 38. What are the prime factors of m(-9)?
2, 7877
Let o = 75573 + -23477. List the prime factors of o.
2, 11, 37
Let t(k) = 8*k - 26*k + 3*k**2 + 9*k. Let v be t(15). Suppose -156 = -q + 3*d, -5*q + 296 + v = -d. What are the prime factors of q?
2, 3, 7
Let r(i) = -451*i**3 + 3*i**2 + 73*i + 138. What are the prime factors of r(-2)?
2, 3, 7, 43
Let p(i) = 10*i - 59. Let k be p(6). Let g(t) be the third derivative of 43*t**5/60 + t**4/24 - t**3/3 - 2*t**2. What are the prime factors of g(k)?
2, 3, 7
Suppose 2*x - 24 - 7 = 5*a, -2*x - 14 = 4*a. Suppose 0 = 3*j + x*j - 18. Suppose 0*c = j*c - 255. List the prime factors of c.
5, 17
Let p(r) = 545*r**2 + 79*r - 46. List the prime factors of p(-5).
2, 103
Let x(c) = 4*c + 38. Suppose 7*o + 86 = 23. Let p be x(o). Suppose -p*i + 1192 = 6*i. List the prime factors of i.
149
Let d = 25620 + 2744. List the prime factors of d.
2, 7, 1013
Let v(d) = d**2 + 5*d + 2. Let s be v(-6). Suppose c = s*c - 49. Suppose c = -4*j + 339. What are the prime factors of j?
83
Let r = 302 - 295. Suppose 24*p - 14136 = -r*p. List the prime factors of p.
2, 3, 19
Let y(h) = 4*h**3 - 40*h**2 + 79*h + 141. What are the prime factors of y(26)?
3, 5051
Suppose 13*j + 2*j - 131274 = -63*j. What are the prime factors of j?
3, 11, 17
Suppose -5*r = 0, -4*r + 36 = 3*f + 9. Suppose 33 + f = -z - 4*s, 4*z + 126 = -2*s. Let k = z - -153. What are the prime factors of k?
3, 41
Suppose -5*q + 21*q = 64. Let y = -4 - -4. Suppose -q*d - 3*s + 404 = 0, y*d + d - 2*s = 112. List the prime factors of d.
2, 13
Suppose 201*w - 417*w + 2711016 = 0. What are the prime factors of w?
7, 11, 163
Suppose 33*h - 130230 = 18*h - 0*h. List the prime factors of h.
2, 3, 1447
Suppose -4*p = 12, -4*p = 2*y - 0*p + 12. Suppose -6*m + 0*m + 1110 = y. What are the prime factors of m?
5, 37
Let g = -14 - -14. Suppose g = 2*n + 3 + 1, 0 = -5*x + 2*n - 516. Let b = 118 + x. List the prime factors of b.
2, 7
Suppose -z + i - 1 = -3*z, 3*i = 9. Suppose 4*c + 30 = -3*h + 1, 3*c + 27 = -3*h. List the prime factors of ((-528)/56)/((-1)/h*z).
2, 3, 11
Suppose 0 = -149*n + 150*n - 9155. What are the prime factors of n?
5, 1831
Suppose -4*o - 2*i + 4*i + 116 = 0, 0 = -2*o - 2*i + 52. Let m(p) = -10*p + o + 8*p + 3*p. What are the prime factors of m(22)?
2, 5
Suppose 0 = 139*u - 135*u - 12780. Suppose -8*d = -1741 - u. What are the prime factors of d?
617
Suppose 12 = -4*f, -215*m = -211*m + 2*f - 42. Let p(v) = 6 + 17 + 6*v + 4*v. What are the prime factors of p(m)?
11, 13
Let m be (3/2)/(-1 + (-88)/(-64)). Suppose 326 = l + m*k, l - 363 = -5*k - 42. What are the prime factors of l?
2, 173
Suppose 22*q - 24*q + 19628 = 4*u, 3*q - 29502 = 4*u. List the prime factors of q.
2, 17
Suppose -9*j = -7*j - 44. Let c(b) = -4*b + j + 5*b - 6 + 4*b. List the prime factors of c(9).
61
Let r = -276 - -133. What are the prime factors of 6121/11 + 12 + 1638/r?
557
Suppose 0*n = -2*n + 3*o - 827, o = -n - 411. Let q = -263 - n. What are the prime factors of q?
149
Let r(i) = i**3 - 50*i**2 + 227*i - 44. List the prime factors of r(56).
2, 17, 463
Let z = -69 - -72. Suppose 3*j - c = 2, -c - 5 + z = 0. Suppose -4*r + 203 + 69 = j. List the prime factors of r.
2, 17
Let q(n) = 299*n - 172. Let a be q(5). Suppose 13*r = -a + 8525. What are the prime factors of r?
2, 277
Let g be -3 + (-1*30 - -5). List the prime factors of (-77)/g + -3 + (-3738)/(-8).
467
Let d be 4 - (0 - (-2 + 588)). Let n be 17 + -12 + (1 - 1). Suppose n*z = 1665 - d. What are the prime factors of z?
5, 43
Suppose -3*y = 5*n - 835 + 2975, -856 = 2*n - 2*y. Let x = 1105 + n. Suppose -2*w + 4 = -o + 167, -4*o = -3*w - x. What are the prime factors of o?
173
Suppose 2*v = -3*v + 15. Suppose 0 = v*r - r - 78. Suppose -171 = -6*f + r. List the prime factors of f.
5, 7
Let q = -16 + -16. Suppose -29*c = -8*c - 3045. Let y = c + q. What are the prime factors of y?
113
Let y(r) = -17*r**2 + 60*r - 8. Let z(s) = 4*s**2 - 8*s + 2. Let o(k) = y(k) + 4*z(k). Let a = 33 + -19. List the prime factors of o(a).
2, 7
Let v be 6 + 1/1 - (-1 - -4). List the prime factors of v + (-314)/(-1) + -5.
313
Let n = 2 + -144. Suppose -8*i + 169 - 3161 = 0. Let a = n - i. What are the prime factors of a?
2, 29
Let d(n) = -n**3 + 45*n**2 + 50*n - 180. Let h be d(46). What are the prime factors of (534/(-4)*h/6)/(-1)?
89
Let m = 28 - 12. What are the prime factors of ((-2)/(-12))/((-4)/m)*-660?
2, 5, 11
Suppose 4*l - 6*w = -w + 2459, -3*w - 1848 = -3*l. Suppose -l = -7*z + 2312. List the prime factors of z.
419
Let t be (-1)/(-2) - (2727/(-6))/9. Let x = 65 - t. Let v = x - -83. List the prime factors of v.
97
Let x(d) = 825*d - 13. Let g be x(2). Suppose -1053 = -10*i + g. List the prime factors of i.
269
Let k be (-96)/(-48) + (7406/2 - -1). Suppose 5*u = -2*i - 739 + 4433, k = 5*u - 2*i. List the prime factors of u.
2, 5, 37
Suppose -5*o + 0 + 10 = 0. Suppose -7*l + o*l + 2*c + 59 = 0, 2*l - 5*c = 11. Suppose l*a + 3*a = 1840. List the prime factors of a.
5, 23
Suppose -61*n - 283107 + 76390 + 1144165 = 0. What are the prime factors of n?
2, 17, 113
Let y(g) = g**3 - 2*g**2 + 7*g + 1. Let k = -82 + 57. Let a be (-3 - (-32)/5) + 10/k. List the prime factors of y(a).
31
Let z be 2297 + 2/(3/(-2) + 2). Suppose 12*h + z = 15*h. List the prime factors of h.
13, 59
Let w be ((-8)/(-24))/((-2)/(-6)). What are the prime factors of 664/w + (-91)/(-13)?
11, 61
What are the prime factors of -165*(6 + 5)*(-8)/20?
2, 3, 11
List the prime factors of (-9 + (-17446)/(-44))/((-2)/(-8)).
2, 5, 31
Let x = -187 + 733. Let j = 1044 - x. What are the prime factors of j?
2, 3, 83
Suppose 14*y + 22*y - 93708 = 0. Suppose o + y = 3*d, -2*d + 3*o + 1